5 + z)/(-6) + 16. What are the prime factors of (1188/p*1)/(3/12)?
3, 11
Let d be (-46)/(-14) - 28/98. Suppose 3*q - 3*m = -423, d*m = 4*q - 232 + 795. List the prime factors of ((-48)/(-56))/((-2)/q*2).
2, 3, 5
What are the prime factors of (-23 - (-204366)/42)*28/6?
2, 5, 113
Suppose -40*l + 135 = 655. What are the prime factors of l + 8 - 158*45/(-10)?
2, 353
Let w(f) = 6*f**2 - 46*f + 39. Let r be w(16). Let t = r + -529. List the prime factors of t.
2, 5, 31
Suppose 601 = 2*u - 5*u - 5*t, 5*u + 4*t + 1019 = 0. Let q = 489 + -190. Let k = q + u. What are the prime factors of k?
2, 23
Let h(l) = l**2 + 7*l - 3. Let w be h(-12). Let x = -17 - w. Let v = x + 211. What are the prime factors of v?
137
Suppose -2*j - 2*j = 8, 0 = -5*k + 4*j - 7. Let s be (0 - (k + (-636)/(-8)))*-2. Suppose -197 = -5*v + s. List the prime factors of v.
2, 5, 7
Let v = 8079 - 4139. List the prime factors of v.
2, 5, 197
Suppose -2*i - 7*r + 5*r = -446, 2*i = 2*r + 434. Let g = i - -158. What are the prime factors of g?
2, 3, 7
Suppose 0 = t + 7*t - 32. Let w(y) = -2*y + 11. Let u be w(t). Suppose 5*j = -l + 107, -4*j + 273 = u*l - 5*j. List the prime factors of l.
2, 23
Suppose -i = 5*x + 17, 4*i + 95 + 24 = -3*x. List the prime factors of 8/i + (-2403)/(-12).
2, 5
Let p be (-154)/(-6) - ((-16)/(-12))/2. Suppose 5*y + p = 35. Suppose 5*s = 4*h - 737, -h + 3*s = y*h - 552. List the prime factors of h.
3, 61
Let x = 2140 + -1869. What are the prime factors of x?
271
Suppose 41*o - 35*o - 72 = 0. Suppose -o*b + 15*b - 2622 = 0. List the prime factors of b.
2, 19, 23
Let x(w) = 31*w - 25. Let i be x(1). List the prime factors of (-2)/(i + (-5623)/937).
2, 937
Let x(i) = 143*i + 1. Let a(d) = 3*d**3 - 3*d**2 + 3. Let f be a(1). List the prime factors of x(f).
2, 5, 43
Suppose k - 4*m - 2115 = 0, 5*m - 8392 = -4*k + 4*m. What are the prime factors of k?
2099
Let i = -14 - -18. Suppose -280 = -i*c + 4. Let u = 127 - c. What are the prime factors of u?
2, 7
Let b(r) = 2*r + 20. Let s = -4 - -9. Suppose s*d - 10 = 65. List the prime factors of b(d).
2, 5
Suppose -4*j - 322 = m + 2*m, -4*j - 336 = -4*m. Let z = j - -84. Let d(n) = 72*n - 5. List the prime factors of d(z).
139
Let n = -32954 + 79302. What are the prime factors of n?
2, 11587
Let g be ((-2)/(-2))/((-2)/((-8)/(-4))). Let o be 17/(g*(-2)/8). Let w = o + 4. What are the prime factors of w?
2, 3
Suppose 2*c + 0*c - 5*s = 175057, -4*c = -4*s - 350120. List the prime factors of c.
3, 163, 179
Let t(j) = 24*j**2 + 20*j + 1. Let p be t(9). Suppose -4707 - p = -14*k. List the prime factors of k.
2, 61
Let g be (302/8)/((-6)/(-72)). Suppose -3*a + 585 = 3*l - g, l - 352 = a. Suppose 4*u - l = -5*w, 2*w - 98 - 78 = -2*u. List the prime factors of u.
7, 13
Suppose 5*q - 234535 = -52910. Suppose -q = -7*l - 18*l. List the prime factors of l.
1453
Suppose -2*q - 2*q + 4*n = -2*q - 19758, 5*n = 0. What are the prime factors of q?
3, 37, 89
What are the prime factors of (6*(-8)/(-30 - -6) - -3) + 19041?
2, 89, 107
Let x(z) = -738*z**3 + 6*z**2 - 3*z - 25. What are the prime factors of x(-4)?
5, 9463
Let r = -3873 - -7608. What are the prime factors of r?
3, 5, 83
Suppose -11*y = -18*y. Suppose m + 5*q - 125 = y, 2*m - q - 268 = -5*q. What are the prime factors of m?
2, 5, 7
Let u(m) = 17*m**3 - 17*m + 15. What are the prime factors of u(8)?
3, 2861
Let o = -20151 - -36268. What are the prime factors of o?
71, 227
Let a(p) = -3*p - 105. Let k be a(-36). Suppose 0 = -5*w + q + 2613, 3*q - 1035 = -k*w + w. List the prime factors of w.
2, 3, 29
Let w be 40/7 + (-10)/(-35). Let x(i) be the third derivative of i**5/60 - i**4/12 + 31*i**3/6 - 66*i**2. What are the prime factors of x(w)?
5, 11
Let j be 1889/(-3) - (2 + 24/(-9)). Let k = j + 412. Let s = k - -397. What are the prime factors of s?
2, 3, 5
Let w be (-42141)/(-77) + 6/(-21). Let x = 1027 - w. List the prime factors of x.
2, 3, 5
Suppose -79*r - 572083 = -162*r + 54*r. List the prime factors of r.
19727
List the prime factors of (13392/(-620) - (-14)/(-10))*(-314 + 3).
23, 311
Suppose -2*d + 2*d = -5*d + 180895. List the prime factors of d.
11, 13, 23
Let w(c) = c**2 + c - 5. Let g(j) = 76*j**2 - 2*j - 29. Let p(l) = g(l) - 5*w(l). Let s = -6 + 4. List the prime factors of p(s).
2, 3, 7
Let f be 30/(-4)*4/(-5). Let r(s) = 30*s**2 + 276*s - 12. Let q be r(-9). What are the prime factors of (-7 - -1)*(q/f + -6)?
2, 3, 17
What are the prime factors of 410/(-492)*(-1 + -7841)?
5, 1307
Suppose 12 = 4*t - 2*h, 4*h = -9*t + 4*t + 28. Let z be t*(42/(-8))/7 - -21. List the prime factors of (12/18)/(-1 - (-20)/z).
2, 3
Let r(o) = -2*o**3 - 49*o**2 - 49*o - 249. List the prime factors of r(-34).
103, 227
Let d(b) = -b**3 + 6*b**2 + 16*b. Let j be (-75)/(-9) - 3/9. Let u be d(j). Suppose -2*f - 5*f + 777 = u. What are the prime factors of f?
3, 37
Let q be ((-1)/2)/((-8)/400). Suppose 5*y + 4 = -3*s, s + 0*y - 12 = y. Suppose -q = -f + s. What are the prime factors of f?
2
Suppose -386*n - 1903530 + 16041970 = -2531742. List the prime factors of n.
19, 2273
Let p(k) = 7*k**2 - 37*k - 179. What are the prime factors of p(40)?
7, 29, 47
What are the prime factors of 72/30*126225/66?
2, 3, 5, 17
Let n(q) = q**2 - 10*q - 3. Let s be n(12). Let o = -10 + s. Let x(c) = -c**2 + 23*c + 5. What are the prime factors of x(o)?
137
Let f = 69 + -222. Let v be (f*5/(-12))/((-3)/(-8)). Let t = v - 71. List the prime factors of t.
3, 11
Let l(d) = 409*d - 5449. List the prime factors of l(32).
7639
Suppose -16 = -4*a, -u + 5*a - 28 = -5*u. Suppose -u*g = 5*w - 7903, 0*w - 2*g = w - 1579. What are the prime factors of w?
3, 17, 31
What are the prime factors of (-49016)/16*(-1178)/341?
19, 557
Let n = -174 - -186. List the prime factors of 2514*n/162 - 2/9.
2, 3, 31
Suppose -5*n = 413 - 138. Let f(d) = -70*d + 8. Let o be f(8). What are the prime factors of 11/n - o/10?
5, 11
Let z(a) = a + 1. Let m(s) = 74*s + 42. Let y(f) = m(f) - 3*z(f). List the prime factors of y(11).
2, 5, 41
Let i = 10113 + 31785. What are the prime factors of i?
2, 3, 6983
Let o(z) be the third derivative of -z**5/60 + 7*z**4/4 + 17*z**3/6 - 17*z**2 - 3. What are the prime factors of o(25)?
2, 13, 17
Let j = -98 + 59. Let f = 192 - 234. What are the prime factors of (-1)/(-1 + j/f)?
2, 7
Let o(u) = -18*u**3 + u**2 + 4*u - 7. Let a be o(-3). Suppose k + 4*w + 186 = -128, 3*k = 5*w - 908. Let q = k + a. List the prime factors of q.
2, 5, 17
Let a = -23869 - -38838. List the prime factors of a.
14969
Let b(a) = 22*a**3 + 4*a**2 + a + 23. Suppose -c - 14 = -4*c + o, 0 = -2*c - 5*o - 2. What are the prime factors of b(c)?
1499
Let l(m) = 3*m**2 - 9*m - 2. Let p be (-4 + 2*1/1)*-2. Let y be l(p). Suppose -y*i - 63 = -1043. List the prime factors of i.
2, 7
Let c = 13641 - -301. List the prime factors of c.
2, 6971
Let i be (-2 + 4 + 5)*-1. Let p = 26 + i. Suppose p*h = 15*h + 264. What are the prime factors of h?
2, 3, 11
Let a be (1/3)/(5*2/240). Suppose -17*t + a = -15*t. Suppose 0 = t*x + p - 391, -x - 5*p - 373 = -5*x. What are the prime factors of x?
97
Suppose -4*j = -20*m + 18*m - 259148, -4*j - 3*m = -259158. List the prime factors of j.
2, 3, 5399
Let n(f) = 740*f + 5550. What are the prime factors of n(56)?
2, 5, 37, 127
Let i(u) = 5*u**2 + 8*u - 15. What are the prime factors of i(37)?
2, 7, 509
Let a(b) = -b - 1. Let d(l) = 9*l**2 - 14*l + 37. Let j(y) = -5*a(y) + d(y). List the prime factors of j(7).
2, 3, 5, 7
Let v = 234 + -233. Let d(m) = 406*m**3 + 4*m**2 - 4*m + 2. What are the prime factors of d(v)?
2, 3, 17
Let g(m) be the third derivative of -m**4/3 + 11*m**3/6 - 4*m**2. Suppose -6*j + 4 = 28. List the prime factors of g(j).
43
Let l(n) = 2*n**3 + n**2 - 97*n + 677. What are the prime factors of l(11)?
2393
Suppose 3*b - 21 = b + 3*f, -2*b = -2*f - 20. Suppose b - 5385 = -8*d. What are the prime factors of d?
2, 3, 7
Suppose 13*w = -6*w + 568298 - 100480. List the prime factors of w.
2, 13, 947
Suppose 38*t - 116*t = 178*t - 2508032. List the prime factors of t.
97, 101
Let p(h) = 4*h**3 - 22*h**2 - 15*h + 110. What are the prime factors of p(28)?
2, 5, 281
Suppose 4*j - 6*j = -3*n - 1114, 2*j - 2*n = 1118. Suppose -j - 732 = -7*o. What are the prime factors of o?
5, 37
Suppose 5*o - 35 = -2*i, 41*o - 3*